- -4) + -6 + 4 + 1?
3
What is the value of (-6 - (4 + -1)) + 2 - -3?
-4
What is (-3 - 1) + (1 - (0 - 5))?
2
-3 - -3 - (2 + -1)
-1
7 - (-2 - (-1 - 5))
3
Calculate -4 + (4 - 7 - -3) - -5.
1
What is the value of -2 + 5 + 1 + -7?
-3
2 - (1 - (1 - (-5 + 5)))
2
What is the value of -4 + (-6 - -13) - (-3 - 2)?
8
What is the value of 4 + -8 + (2 + -1 - -1)?
-2
Evaluate 3 + -1 + -3 + -3.
-4
Evaluate (6 + -9 - 0) + 7.
4
13 + -6 - (-4 + 10)
1
Calculate -4 + 4 - (0 + (-1 - -1)).
0
Evaluate -5 - (1 + (-13 - -3)).
4
Calculate -25 + 33 - (1 - (-1 - 1)).
5
What is the value of -1 + -5 + (-16 - (-4 - 11))?
-7
Calculate (6 - 2 - -1) + -2.
3
Evaluate -8 + 0 + (-4 - -12).
0
What is the value of 9 + -2 - (-54 + 56)?
5
What is the value of 4 + -1 + (-1 - (-1 - -1))?
2
What is 45 - 42 - (3 - 2)?
2
What is (-1 - (-7 - 1)) + (84 - 98)?
-7
Calculate (-1 - 0) + -20 + 15.
-6
Evaluate -4 + -7 + 2 - -4.
-5
Evaluate 4 + (4 - 3) - 4.
1
What is the value of -4 + (-2 - 3 - -10)?
1
What is the value of 1 - (2 - -2 - (1 - -6))?
4
What is the value of -1 - 0 - (-4 + -2)?
5
What is (3 - (1 + 2)) + 4?
4
Calculate 6 + -13 - -6 - 2.
-3
What is ((-9 - -6) + 6 - 3) + -1?
-1
What is the value of (-8 - -16) + -7 - 5?
-4
Calculate -8 - (0 + 2 + -5 + -1).
-4
Calculate (-7 - (-11 + 5) - -2) + -3.
-2
What is 4 - (-3 - (-1 + -5))?
1
What is the value of 1 - 2 - (-5 - -9 - 7)?
2
Calculate (3 + 2 - (-2 - -6)) + 2.
3
Evaluate 3 - 10 - (-1 - 8).
2
Calculate 3 - (2 - (0 - 1) - 3).
3
(-14 - (2 - 13)) + (1 - -5)
3
What is the value of (4 + -9 - -11) + (-13 - -10)?
3
Calculate 2 + 4 + -6 + -2 - -1.
-1
What is (-12 - -12) + -4 + 4?
0
Evaluate 6 - 2 - (-1 + 7 - 11).
9
What is the value of 6 - (3 + 3) - 2?
-2
(-6 - -11 - 2 - -2) + -4
1
Calculate -11 + 13 + 2 + -15.
-11
What is (-2 + 3 - -1) + -2 + 2?
2
Evaluate -14 + 9 - (1 + -3).
-3
What is (-1 - (-6 + 16)) + 9?
-2
(-10 - -6) + 11 + -10
-3
Calculate 3 + -2 + (-10 - (0 - 6)).
-3
Evaluate -2 + 8 - (-4 + 2).
8
What is the value of 7 - (-3 + -3 - -10)?
3
What is 1 - (-14 - -21) - (-4 + -1)?
-1
What is -6 - (5 + (-2 - 6) - 3)?
0
What is (1 - 8) + -12 + 16?
-3
Evaluate 4 - (-2 + (4 - 3)).
5
-4 - (16 + -2 + -7)
-11
0 - -6 - (7 + 0)
-1
What is (-11 - 1) + (-15 - -20)?
-7
Evaluate -4 + -5 + -2 + 9 - -7.
5
What is -8 + 16 - (1 - -4)?
3
What is (-2 - -6) + -2 - 5?
-3
What is the value of -1 + (3 - 10 - -4 - -8)?
4
-9 - -9 - (0 + (-2 - 2))
4
What is 4 + -1 + -1 - (-4 + 1)?
5
What is (0 - 4) + -19 + 28?
5
What is 7 - (-1 + 6 + -1 + 1)?
2
Calculate 0 + (-8 - (-6 + 5) - -6).
-1
Evaluate 1 + 3 - (2 + 6).
-4
What is the value of -2 - (5 - (0 + 7 + 0))?
0
What is 5 + (1 - 4 - -7) + -8?
1
Evaluate 8 - (-3 - -14 - 4).
1
0 + -4 - (-7 - 0)
3
What is (6 - (14 - 4)) + 2 + -1?
-3
Calculate -4 + 6 + 4 + -10.
-4
7 + 1 - (8 - -1)
-1
What is the value of 3 - (-6 - -2 - (-6 - 3))?
-2
Calculate 0 - (0 + 3 - (-3 + 3)).
-3
0 - (6 - (-5 + 1 - -8))
-2
What is the value of (5 + -9 - 1) + (1 - 1)?
-5
What is the value of 4 - ((2 - 2) + 6)?
-2
What is the value of 3 + -2 + (2 - -7 - 7)?
3
Calculate (0 - -4 - (-6 + 7)) + 2.
5
Calculate 5 + (4 - 5) + 6 + -8.
2
What is (9 - (4 + 11)) + 7?
1
What is the value of -2 + (0 - (10 - 6 - 1))?
-5
Evaluate 0 + 8 - (6 + -3).
5
Evaluate (355 - 353) + 0 + 1 + -1.
2
Calculate -4 + 5 + -4 + (-2 - -1).
-4
2 + 0 + 3 + (-13 - -3)
-5
Evaluate -2 + 0 - (16 + (-17 - -3)).
-4
Calculate 1 + 3 + 8 + -7.
5
6 + (0 - 6) + -2
-2
What is the value of 1 - ((-1 - 2) + 2) - 2?
0
Evaluate 5 - (5 - (-6 + 11 + 2)).
7
What is -25 - -20 - (-12 - -4)?
3
Evaluate 0 + (-1 - -1) - -2.
2
Calculate 3 + -2 - -3 - -1.
5
What is the value of 0 - (-4 - (-3 - -1))?
2
What is (5 - -4 - 4) + -1?
4
Evaluate 4 - (2 - (3 - (-3 - -4))).
4
What is 18 + -9 + -12 + 6?
3
-2 - -6 - (-11 - -12)
3
Calculate (4 - 3) + -1 - (-4 - 1).
5
Calculate 1 - 3 - (0 + -1).
-1
Calculate -7 - 1 - -7 - 1.
-2
What is 0 + (-3 - -10) + -13?
-6
What is 6 - 3 - (2 - 2) - 2?
1
Evaluate (29 - 29 - (0 - 1)) + -6.
-5
What is -3 - ((-1 - 1) + -2)?
1
5 + -10 + 8 - (1 + 2)
0
Evaluate -3 - (-5 + 3 + 3).
-4
What is -3 + -1 + -1 - (41 - 42)?
-4
What is the value of -2 + (3 - (3 + -2))?
0
3 - (-3 - (-7 + 2 + -1))
0
What is the value of 4 + 1 + 0 - 3 - -3?
5
Calculate (5 - 15) + (1 - 0) + 4.
-5
(17 - (3 + 7)) + (1 - 5)
3
(-7 - -19 - -7) + -15
4
What is the value of 4 + -11 + 11 - -1?
5
Calculate 3 + -1 + -1 - (2 - 4).
3
What is the value of -3 - (15 - 5) - -5?
-8
(0 - 5) + (-5 - -3) + 6
-1
Evaluate 0 - ((-33 - -30) + -1 + 3).
1
What is (-9 - -9 - 4) + 13 + -1?
8
Calculate 5 + -28 + (2 - -11).
-10
-1 - 1 - (-37 - -34) - -2
3
(9 - (2 + 0)) + -4
3
Evaluate -1 - (-3 + (8 - 4)).
-2
What is (1 - -6) + (3 - 2) + -2?
6
What is the value of -4 - -3 - -3 - (-3 - 0)?
5
(0 - 1) + 55 + -51 - 0
3
Evaluate 4 + (1 + -9 - (-1 + -1)).
-2
Calculate (-7 - (1 - 1)) + -378 + 383.
-2
Calculate (5 - 8) + -1 + -4.
-8
Evaluate (2 - -1) + (8 - 11) + -4.
-4
What is the value of -1 + (-9 - (-5 - 2))?
-3
What is -2 + 4 + -3 + -4?
-5
What is 1 + 4 - (-7 + 10)?
2
10 + -7 - (0 - -1) - 7
-5
What is 5 + -5 + 4 + -6?
-2
What is the value of 2 + 1 - (2 - 2)?
3
What is -2 - (-5 + 7 - 1)?
-3
11 + -12 + -2 + (-7 - -3)
-7
Evaluate -1 - (-3 + 3) - (-3 + 7).
-5
Evaluate 5 + (5 - (9 + -4)) - 5.
0
Evaluate -2 + 3 - (13 - 9) - -1.
-2
What is -7 - -3 - (15 + -9 + -9)?
-1
-4 + (-2 - 4 - -1 - -11)
2
(3 - (5 + -6)) + 3 + -1
6
What is (0 - 3) + (1 - 2) + 6?
2
What is the value of 6 + (-5 - -3) - (-42 - -51)?
-5
What is -5 + -6 + 16 + 0?
5
Calculate -16 - -4 - -7 - -4 - 5.
-6
Calculate 0 + (3 + (7 - 6) - 6).
-2
8 - (7 + (-15 - -2) + 10)
4
Evaluate 72 + -79 + 10 + -1.
2
What is the value of (8 + -12 - (3 - 19)) + -2?
10
Evaluate -6 + 1 + 5 + -1.
-1
Evaluate -3 + 0 - -8 - (48 - 42).
-1
Calculate 3 + (-4 - -8) + -5 + -1.
1
What is the value of -3 + (-2 - -9 - 4)?
0
What is 2 + (-7 - (14 - 11))?
-8
Evaluate 5 + (4 - -14) + -13.
10
0 + -4 - (0 + -2)
-2
-2 + -4 + (2 - -2)
-2
Calculate 13 + -4 + -2 + -12 + 8.
3
1 + 2 + -1 - (-82 - -91)
-7
What is -4 + (10 + -3 - 8)?
-5
(1 + 3 - 12) + 4
-4
What is the value of -11 + (1 - 7 - -11) + 1?
-5
Calculate 3 + -9 - -9 - (0 + 1).
2
-7 + (-3 - (-9 - -4))
-5
What is the value of 3 + 3 + (-8 - -5) + -2?
1
What is (-9 - -2 - 0) + 3?
-4
What is the value of 0 + 1 + 2 - (-19 + 23)?
-1
Evaluate 6 - (8 + 3 - 0).
-5
What is the value of -1 + -2 + (5 - -4) - 4?
2
What is (-4 + -1 - -3) + 3?
1
What is (4 - (2 - 5)) + -4?
3
-4 + 4 + 2 + -4 + 3
1
Calculate 9 - (4 + (7 - 4)).
2
Evaluate 1 - -4 - (-24 - -20).
9
Calculate (0 - -3) + -10 + 7 + -2.
-2
Calculate -5 - -6 - (-1 - (-2 - -5)).
5
3 + (-3 - (-7 - -9))
-2
Evaluate (-5 - 1 - -3) + 6.
3
Calculate -1 - (12 + -8) - (-2 + 4).
-7
(7 - (-1 + 2)) + 4 + -6
4
What is -13 - (-3 + 2) - (0 - 4)?
-8
-8 + 6 + 6 + -8
-4
Evaluate -17 - (-3 + 0) - -9.
-5
What is the value of (-1 - 7) + (10 - 6)?
-4
Calculate 0 + (-1 - 0) - -3.
2
8 + -9 + (1 - -5 - 0)
5
8 + 6 + (-20 - -7)
1
Evaluate 5 + (17 - 8) + -16.
-2
What is 7 + (3 - 10) - -2?
2
-4 - (-1 - -6 - 11)
2
What is 5 - 1 - (-18 + 24)?
-2
What is the value of (-65 - -69) + -2 + -1?
1
What is 93 - 81 - (1 - -3)?
8
Calculate 0 + 1 - (0 - (1 - 6)).
-4
What is the value of (5 - -3) + 5 + -8?
5
What is -1 - (24 - 21 - (-1 + 8))?
3
Evaluate 81 + -84 + (1 - 2).
-4
Calculate -4 - -1 - (-3 + -1 + 2).
-1
0 + (0 - (3 + -2 + -3))
2
-215 + 218 + (-13 - -1)
-9
Evaluate -10 + 3 + 4 + -1.
-4
What is the value of 0 - (-5 - -2) - -2?
5
Calculate -9 + 7 + (-2 - -3).
-1
What is (3 - 0) + 5 + -3?
5
What is the value of 8 - (2 + -1 + (-9 - -15))?
1
Calculate -95 + 91 + (-1 + 0 - -2).
-3
What is 2 - (-6 + 6) - (1 - 4)?
5
Evaluate -2 - 1 - (-3 - (6 - 4)).
2
Calculate (-10 + 5 - 4) + 5.
-4
Calculate (-1 - 0) + -3 + (5 - 2).
-1
What is -2 - -10 - 5 - (-1 + 5)?
-1
Calculate 2 - 6 - (9 - 3).
-10
Calculate 5 - (3 + -4) - 10.
-4
Evaluate 1 - 16 - (-8 + 6) - -3.
-10
Calculate (-6 - -8) + 0 + -4.
-2
Evaluate (-6 - (3 - 17)) + -13 + -1.
-6
What is -13 + 12 + 0 + -1 + 0?
-2
What is the value of (3 - (1 - 1)) + (11 - 18)?
-4
What is the value of -7 + (-5 - (-4 + -3))?
-5
What is the value of -3 + (6 - (-1 + 0 + 1))?
3
-2 + (0 - 0 - -2)
0
What is 10 + 7 - (-5 + -6 + 18)?
10
Calculate 158 - 169 - (0 + -6).
-5
What is the value of 3 - (-1 + 4 + -1 - -2)?
-1
Calculate 94 + -92 + (-2 + 1 - 0).
1
What is the value of